*2 - 216*i + 1253. Give w(6).
101
Let v(l) = -115*l + 5762. Calculate v(40).
1162
Let r(h) = h**2 + 196*h + 3524. Give r(-35).
-2111
Let o(h) = 69*h + 1095. Give o(-2).
957
Let h(d) = d**3 + 353*d**2 - 7531*d + 120773. Give h(-374).
-29
Let g(z) = 16929*z - 84471. Give g(5).
174
Let p(l) = 1169*l + 200044. Give p(-171).
145
Let d(c) = 10404*c + 967576. Give d(-93).
4
Let c(p) = p**3 + 677*p**2 - 1358*p - 2. Determine c(2).
-2
Let s(j) = j**2 - 5341*j + 4063817. What is s(919)?
-1
Let d(a) = -2*a**3 + 20*a**2 + 203*a - 1806. Calculate d(12).
54
Let a(w) = 3206*w - 1272731. Determine a(397).
51
Let s(d) = 8315*d**2 + 66523*d + 17. Determine s(-8).
-7
Let k(i) = 53*i**2 - 24*i - 105. What is k(-4)?
839
Let g(w) = -135*w**3 - 6*w**2 + 47*w + 96. Calculate g(-2).
1058
Let x(t) = -34*t**3 - 7*t**2 + 75*t + 270. Calculate x(-3).
900
Let t(x) = 688*x + 80743. Determine t(-117).
247
Let o(j) = 627*j**2 + 3188*j - 27. Calculate o(-5).
-292
Let n(b) = -767*b - 22949. Determine n(-28).
-1473
Let o(s) = 680281*s - 18367577. What is o(27)?
10
Let p(n) = -n**3 - 20*n**2 + 552*n + 954. Calculate p(-35).
9
Let v(d) = -6256*d - 93655. Give v(-15).
185
Let o(i) = -74*i**3 + 11248*i**2 - i + 148. What is o(152)?
-4
Let x(l) = 13817*l - 221419. Calculate x(16).
-347
Let h(u) = 379*u + 94420. Calculate h(-248).
428
Let s(g) = -g**2 - 95544*g + 95544. What is s(1)?
-1
Let y(w) = -w**3 + 3*w**2 + 38145*w - 2. Determine y(0).
-2
Let k(q) = 10*q**3 - 3139*q**2 - 333*q + 5967. Determine k(314).
1
Let y(v) = v**3 + 15*v**2 - 286*v + 970. What is y(7)?
46
Let i(d) = 11031*d - 275777. What is i(25)?
-2
Let u(p) = -3*p**3 + 7*p**2 + 43*p - 88. Determine u(2).
2
Let r(q) = -142*q - 1956. What is r(-25)?
1594
Let y(g) = -g**3 - 29*g**2 - 255*g - 624. Calculate y(-14).
6
Let j(i) = -i**3 - 45*i**2 + 37*i + 1698. Determine j(-45).
33
Let g(j) = 5138*j - 1063559. What is g(207)?
7
Let s(l) = -10356*l - 487789. Calculate s(-47).
-1057
Let q(m) = m**3 + 198*m**2 - 34291*m + 45208. Calculate q(110).
-2
Let w(l) = -25*l**2 - 1769*l + 412. Calculate w(-71).
-14
Let l(a) = a**2 - 8*a - 18730. Determine l(-133).
23
Let q(g) = -3*g**3 + 736*g**2 - 294*g + 11961. Determine q(245).
-44
Let f(b) = -b**3 + 60*b**2 - 20*b + 1637. Calculate f(60).
437
Let z(i) = i**3 + 10*i**2 + 848*i + 5164. Give z(-6).
220
Let r(u) = 7*u**3 + 79*u**2 + 49*u - 46. What is r(-10)?
364
Let q(t) = 41*t**2 - 3198*t + 6238. Calculate q(76).
6
Let a(g) = 6*g**3 + 16*g**2 - 204*g + 425. What is a(-8)?
9
Let p(y) = 19*y**3 + 180*y**2 + 164*y - 83. Give p(-8).
397
Let i(u) = -u**2 + 466*u - 329. Give i(0).
-329
Let u(s) = -9860*s + 1025485. What is u(104)?
45
Let r(h) = 103*h**3 - 10*h**2 - 97*h - 160. Give r(-2).
-830
Let x(u) = -6*u**2 - 701*u + 242596. Calculate x(151).
-61
Let b(x) = x**3 - 136*x**2 + 2540*x - 79. Determine b(114).
3569
Let t(q) = -518*q + 34862. Calculate t(67).
156
Let r(s) = 855*s + 121469. Determine r(-142).
59
Let p(g) = -g**3 - 29*g**2 - 222*g + 41. Determine p(-17).
347
Let r(k) = k**3 + 126*k**2 + 2992*k + 324. Give r(-31).
-1133
Let d(s) = -42*s**2 + 21317*s - 75097. What is d(504)?
-1
Let f(w) = -109*w - 141. Calculate f(1).
-250
Let v(u) = 27*u**3 + 6541*u**2 + 6570*u + 28. Determine v(-1).
-28
Let a(h) = -1735*h - 124925. Determine a(-72).
-5
Let s(o) = o**3 - 13*o**2 - 81*o - 82. What is s(18)?
80
Let w(a) = -1358*a - 973684. Determine w(-717).
2
Let o(f) = -22*f**3 - 57*f**2 + 294*f + 17. Determine o(5).
-2688
Let f(z) = -96*z**2 - 71*z + 70. Give f(1).
-97
Let m(w) = -1233620*w + 50578425. Give m(41).
5
Let j(r) = -2647*r + 7728. What is j(3)?
-213
Let p(n) = -n**2 - 521*n + 36144. Give p(62).
-2
Let m(z) = 1128*z - 1899553. Determine m(1684).
-1
Let q(f) = -f**3 - 89*f**2 + 366*f + 341. What is q(-93)?
899
Let w(a) = -4*a**3 - 459*a**2 - 340*a + 128. Give w(-114).
-100
Let y(x) = -125*x**2 - 2942*x - 17301. Determine y(-12).
3
Let p(t) = t**3 + 275*t**2 - 3440*t + 604. Determine p(-287).
-544
Let p(y) = 704807*y + 14096135. What is p(-20)?
-5
Let u(s) = 6*s**3 + 414*s**2 + 781*s + 25356. Give u(-68).
-8
Let n(a) = -3*a + 33. What is n(-15)?
78
Let d(i) = 19*i**2 + 338*i + 1223. Calculate d(-5).
8
Let u(l) = -96964*l - 96880. What is u(-1)?
84
Let c(v) = 4*v**3 + 483*v**2 + 322*v - 4575. Give c(-120).
-15
Let j(c) = -3*c**3 + 222*c**2 - 4*c + 93. Calculate j(74).
-203
Let t(x) = -3384*x + 720873. Calculate t(213).
81
Let w(b) = 1300682*b - 2601354. What is w(2)?
10
Let p(i) = 15*i**3 - 211*i**2 + 9*i + 37. Calculate p(14).
-33
Let c(j) = -17*j**2 + 403*j - 93. Determine c(22).
545
Let s(z) = 368*z + 2780. What is s(-11)?
-1268
Let c(f) = -f**2 - 2477*f - 976141. Give c(-492).
479
Let i(r) = -5*r**2 - 16918*r + 4541998. What is i(250)?
-2
Let v(b) = 815*b - 5613. Give v(7).
92
Let j(o) = 29*o**2 - 72*o - 401. Calculate j(5).
-36
Let z(k) = -2*k**2 + 109*k + 14557. What is z(-62)?
111
Let m(t) = 111423*t + 111407. Determine m(-1).
-16
Let r(i) = -3*i**2 - 179*i + 1156. Calculate r(6).
-26
Let q(t) = 1780805*t + 14246441. What is q(-8)?
1
Let s(u) = u**3 + 42*u**2 + 986*u + 12037. Determine s(-22).
25
Let n(x) = -4421*x + 22541. Determine n(5).
436
Let b(a) = 954*a - 15482. Calculate b(16).
-218
Let o(p) = 805*p - 84539. What is o(105)?
-14
Let f(d) = 159*d + 1103. What is f(-8)?
-169
Let g(i) = 24*i**3 + 935*i**2 - 64*i - 871. Determine g(-39).
104
Let s(q) = 2*q**2 + 77*q + 136. Give s(-43).
523
Let z(a) = -a**3 - 140*a**2 - 251*a + 3455. Calculate z(-138).
5
Let k(f) = -79*f**2 - 210*f - 189. Determine k(-1).
-58
Let z(j) = -135*j**2 + 822*j + 3540. What is z(9)?
3
Let b(f) = 20035*f - 721254. Determine b(36).
6
Let h(u) = -271*u + 1966. What is h(8)?
-202
Let o(m) = -3201*m + 38079. Calculate o(12).
-333
Let k(d) = -961*d - 135506. Determine k(-141).
-5
Let d(l) = 11*l**3 - 4180*l**2 + 78*l - 29628. Determine d(380).
12
Let w(s) = 34*s**2 - 2986*s + 8149. Determine w(85).
-11
Let n(t) = -48077*t + 384752. What is n(8)?
136
Let f(t) = -455*t - 3469. Give f(-8).
171
Let f(p) = 807*p - 96821. Give f(120).
19
Let s(h) = 6*h**2 + 18356*h + 563266. Calculate s(-31).
-4
Let z(a) = a**2 + 32249*a + 128981. Determine z(-4).
1
Let l(a) = -8*a**3 + 3*a**2 - 309*a + 936. Determine l(3).
-180
Let s(x) = -3337*x - 44438. Give s(-13).
-1057
Let x(m) = m**3 - 513*m**2 + 60983*m - 6834. What is x(326)?
12
Let p(c) = -455435*c + 36434809. Give p(80).
9
Let y(f) = -835*f + 347379. Determine y(416).
19
Let s(p) = -26*p**3 + 976*p**2 - 555*p + 1347. What is s(37)?
-22
Let p(t) = 1273*t - 43353. Determine p(34).
-71
Let q(l) = l**2 - 209*l + 11051. Give q(110).
161
Let g(z) = 88*z - 7771. What is g(93)?
413
Let d(c) = 194*c - 11498. Determine d(59).
-52
Let f(a) = -407*a + 13990. Give f(34).
152
Let d(l) = -l**3 + 146*l**2 - 704*l - 177. Calculate d(141).
-36
Let q(p) = 43924*p - 43964. Determine q(1).
-40
Let t(b) = -3*b**2 - 59*b + 17. Give t(-13).
277
Let k(o) = 100*o**3 + 17*o**2 - 32*o - 4. Give k(2).
800
Let p(g) = 4*g**2 - 18114*g - 90691. What is p(-5)?
-21
Let c(l) = l**3 + 8*l**2 + 39*l + 36. Calculate c(-5).
-84
Let c(n) = -5*n**3 + 53*n**2 + 89*n - 1448. What is c(9)?
1
Let i(y) = 4*y**3 - 333*y**2 + 756*y - 2153. Give i(81).
34
Let m(g) = 29*g**2 + 262*g + 970. Determine m(-4).
386
Let f(c) = -5*c**2 + 581*c - 102. Calculate f(116).
14
Let b(o) = -1988*o - 61562. Determine b(-31).
66
Let l(s) = 28*s**2 + 7763*s + 38787. Determine l(-5).
672
Let w(d) = 3*d**3 + 490*d**2 - 7833*d - 141. Give w(-178).
37
Let a(c) = -1476*c - 1198508. What is a(-812)?
4
Let z(o) = -2*o**3 + 202*o**2 + 212*o - 809. Give z(102).
7
Let u(y) = 1672*y**2 - 161*y - 8. Determine u(0).
-8
Let p(c) = c**2 - 7935*c + 63426. Calculate p(8).
10
Let g(x) = -137*x**2 + 3480*x + 25856. Calculate g(-6).
44
Let v(g) = 327928*g + 1311661. Determine v(-4).
-51
Let o(z) = -782565*z - 25042077. Give o(-32).
3
Let n(o) = 2*o**3 - 1268*o**2 + 11285*o - 22002. What is n(625)?
-127
Let d(r) = -r**3 - 39*r**2 - 4*r - 110. What is d(-39)?
46
Let d(y) = 1168*y + 3861. Determine d(-4).
-811
Let v(s) = 25*s - 3006. Determine v(120).
-6
Let o(l) = -176*l**2 + 6755*l - 22. What is o(38)?
2524
Let l(n) = -329*n - 94997. What is l(-289)?
84
Let j(q) = q**3 - 96*q**2 + 398*q - 11075. Determine j(93).
-8
Let s(o) = -3*o**3 + 101*o**2 + 488*